 + -109 + 22 + -9.
-48
What is the value of -1 + -58 + 3081 + -3043?
-21
Calculate 1 + -4 - (-45 - -2 - -35).
5
What is -3 - 1 - 25 - (47 - (90 + -40))?
-26
20 + 1 + (-78 - -82) - (1 - 0)
24
Calculate (-13 - (15 - 45)) + -6 + 1.
12
What is the value of -106 + (22 + 44 - 19)?
-59
Calculate (41 + -89 - -79) + -51.
-20
Evaluate -16 + (-13 - (-27 - 1)) + -5 + 6.
0
33 - (-11 - (-36 + 16))
24
Evaluate ((15 - -5) + -15 - -5) + 5 + -4 + -27.
-16
Calculate (-56 - ((11 - 11) + 14 + -27)) + 4.
-39
Calculate (10 - -1) + 1 + (-70 + 43 - 10).
-25
What is the value of -15 - (190 + -169 + -104 + 1)?
67
What is the value of (-9 + 6 - -12 - 18) + -13?
-22
Calculate -39 - (-57 + -9 + 9).
18
-16 + (3 - (-73 - -33 - -74))
-47
Evaluate 3 + -11 + (2 - ((-26 - 3) + -6)).
29
What is 42 + -312 + 111 + 109?
-50
What is (8 - (6 + -6 + 8 + 5)) + (7 - 38)?
-36
What is (-26 - (22 + -115)) + -13?
54
What is the value of -14039 + 14049 - (1 - (0 - -31))?
40
What is -2 - (5 - -24) - 24?
-55
What is the value of (-42 - 7) + (1 - 1) + (73 - (13 + 58))?
-47
Calculate -18627 + 18665 + (0 - 106).
-68
-5 + 0 + (-136 - (133 - 241))
-33
Evaluate 0 + 10 + (-1 - 8) + 68 + -70.
-1
Calculate 12 + 29 - ((-2 - -2) + -3 - -3).
41
Evaluate (12 + -35 - -2) + 37.
16
What is the value of 7 + -23 + (8 - 84) + -39?
-131
What is the value of 18 + (53 + -25 + 3 - 2)?
47
Calculate 16 + (-49 - -80) + 1 + 6.
54
What is the value of (25 - 46 - -26) + (-1 - (-10 - -1))?
13
What is 66 - ((66 - 20) + 64)?
-44
Evaluate -21 - -1 - (-122 - (-200 - -97)).
-1
48 + (42 + 34 - 21)
103
-41 + -1 - (-19 + (-7 - -2 - -8) - -9)
-35
What is 83 - (-6 + 1 - -17 - 7) - 13?
65
What is the value of (59 + -26 - 19) + (-2 - 109)?
-97
Calculate (-11 - -3 - (-9 - -5)) + (-11 - -3).
-12
What is 20 + (-25 - -13 - (-51 + 33))?
26
2 - (13 - -3) - (7 - (55 - 42))
-8
What is 49 - (-52 - (-64 + 2))?
39
-17 + (18 + 3 - 7) + (16 - 21)
-8
Evaluate -5 - (11 + 3 - -8).
-27
What is the value of -2 - (-68 - -96 - (4 - -32))?
6
(3 - 28) + -983 + 967
-41
What is the value of -102 - (-28 - -19 - -24 - (42 - 22))?
-97
30 + -33 + -8 + 8 - 21
-24
Calculate -2 - (12 - (0 + (1 - 13) - 0) - 8).
-18
What is -32 + (-22 - -2) + (-16 - 17)?
-85
What is the value of 1 + 18 + (55 + 8 - 111)?
-29
What is the value of -21 + (21 - -3) + -37 + 135?
101
Evaluate 75 + (-4 - -17 - (97 - 112)).
103
Evaluate -122 - -145 - -7 - 68.
-38
5 + -15 + 38 - (14 - (16 + (10 - 17)))
23
What is -47 + 2 - (-23 + -26 + 47 + 5)?
-48
Evaluate -11 + (-11 - 6 - -19 - -3).
-6
-116 - -80 - (6 - 2)
-40
Evaluate -38 - (103 - 53 - 46).
-42
Calculate -33 + (-19 - (-4 + -17 - -30)).
-61
-8 + 5 - (2 + -1 - (3 - 12) - 51)
38
What is the value of -11 + (-57 - (5 - (12 - 13)))?
-74
Evaluate -37 + (-83 - -157 - 102).
-65
What is the value of (-12 - -40 - 2) + -94 + 10?
-58
Evaluate 883 + -907 - (25 + -1 + 1).
-49
Calculate 9 + -17 + 10 + (14 - -17).
33
What is the value of 72 - (-7 + (32 - 43 - (-15 - 1)))?
74
What is -4 - ((59 - 11) + -91)?
39
Evaluate (-6 - -5) + 28 - (159 + -181).
49
Evaluate (-56 - -29) + 15 - (9 + -79).
58
Calculate (7 - ((0 + -23 - (119 - 125)) + 5)) + -7.
12
Calculate 79 + 1 + (1 - 11 - -2) - -9.
81
What is the value of 69 + -3 - (42 - -4)?
20
Evaluate -158 + (-31 + 17 - -11) + 17.
-144
What is -6 - (-2 - -1 - -55 - (-174 + 333 - 150))?
-51
Calculate -23 + -1 + 258 + 1 + -140.
95
What is (183 - 164) + -8 + 12 + -3?
20
What is -10 - (-23 + 15) - 15 - -53?
36
Evaluate (-19 - -14) + 18 - ((-3 - -57) + 0).
-41
(-209 - (-71 + 58)) + 72
-124
Evaluate 55 - (17 - 36) - (-7 + -3).
84
1427 + -1425 + -13 + -2
-13
What is the value of 57 - (3 + (-25 - -47) + (0 - 1 - 12))?
45
5 - 2 - 13 - (-22 + -11 + 112 + -11)
-78
What is the value of 5 + (8 + -16 - -47)?
44
What is the value of 12 + (-10 - 0) - (8 + -27)?
21
What is the value of -47 + (-1 + 0 - (-18 + 9 - -3) - -4)?
-38
Calculate 48 - (-16 + -44 + 85).
23
What is -11 + 8 + -10 - (12 + -46 + -8 + 3)?
26
99 + -177 - -101 - (0 + -19)
42
Evaluate (31 - (-42 - -126)) + 67.
14
-32 - (-53 + (-53 - -38) - -9)
27
(-38 + (-17 - -7) - 14) + (-2 - (-2 + 2))
-64
What is (-7 - 10 - (-92 - -101)) + -117?
-143
Calculate (75 - (-5 - (16 - 39))) + 12 + (1 - 14).
56
Evaluate (8 - 8) + (17 - 34).
-17
Evaluate 48 + -25 - (60 + -12 + (23 - 12)).
-36
Evaluate (-6 + -4 - ((-15 - 4) + 3)) + -79 + 0.
-73
Calculate 4 - (3 + -3 + (-17 - 99) + 7 + -7).
120
Calculate -9 + (-9 - -33) + (-37 - -11).
-11
Calculate -23 - ((-19 - 42) + 17).
21
Evaluate 154 + -142 + (1 - 9 - -3) - 57.
-50
What is -13 + (18 + -1 - 13) + -47?
-56
What is -73 - ((-117 - -119) + 12)?
-87
What is 21 + (-43 - (-62 + (-25 - -38)))?
27
What is the value of 3 - ((84 - 11) + 5 + (-39 - -22))?
-58
What is the value of ((2 - 2) + -146 + 129 - -14) + (1 - 12)?
-14
89 + 26 + -64 + -4
47
What is the value of -15 - ((-68 - 9) + (-17 - -35))?
44
Calculate -189 + 412 + -225 + (6 - (1 - (3 - 1))).
5
Evaluate -2 - -10 - 1 - (9 - (59 - 1)) - -3.
59
Calculate 13 + 9 + -19 + 19 - 26.
-4
Evaluate -33 - (34 - 104 - 65).
102
(-312 - (155 + -334)) + 2 + -7
-138
Calculate 67 - -4 - 1 - (368 + -346).
48
(-72 - -55) + 30 + 24
37
Calculate (115 + -109 - -90) + -5 + -13.
78
What is the value of 9 - 3 - -5 - (15 + (-3 - 11) - -5)?
5
What is the value of -6 + 76 + -56 + 5?
19
What is the value of 154 - 169 - (-42 - -15)?
12
What is the value of (-8 + 24 - 9) + (25 - -3) + -1 + -4?
30
What is (22 - -6) + -16 + -5 + 7 + -72?
-58
Evaluate 28 + 0 + (-2290 - -2267).
5
Evaluate -10 + -9 - (-41 - -14) - (-1 + -2 + 15).
-4
106 - ((41 - -2) + 96)
-33
What is (2 - 26) + -4 + -940 + 1065?
97
What is the value of 81 - (-46 + 60) - 31?
36
26 - (24 - 19 - -26)
-5
Evaluate 11 + 12 + -107 + (-5 - (8 + 0 + -20)).
-77
What is 48 + 1 + 132 + -119 + (10 - 27)?
45
Calculate -6 + (-3 + -6 + -1 + 10 - (9 - 69)).
54
16 + 6 - (1 - 1 - (96 - 106)) - -11
23
What is the value of -4 + 31 + -13 - (4 - (24 + 2))?
36
What is (2 - 3) + (-20 + 9 + -9 + -1 - 35)?
-57
-5 + 36 + (55 + -24 - 3)
59
Evaluate -11 + ((-19 - -13) + 10 - -67) + 10.
70
What is the value of (-4 - -11) + -23 + -9 + 24 - (-2 + 38)?
-37
What is 319 + -320 - (-7 + 0 - 0)?
6
Calculate (-34 - (8 + (-51 - -12))) + -81.
-84
Calculate (-162 - 2) + 50 - 28 - (3 + -17).
-128
(-14 - (-15 - (-3 + 7) - -8)) + 1 - 56
-58
What is the value of -87 + (24 - -260) + -108?
89
Evaluate -20 + (15 - 11 - 6 - -2).
-20
Calculate (-633 - -647) + -20 + -1 + (-48 - 5).
-60
49 + 0 - (11 + -7 + (-28 - -16))
57
Evaluate 70 + -9 + -2 + -12 - (-2 + (7 - 4)).
46
What is -2 + ((-1 - 7) + 0 - (-274 + 273)) - 7?
-16
Calculate 36 + -2 + (123 - (239 + -112)).
30
Evaluate 1 + -9 + (279 - 103 - 163).
5
What is -5 + (-10 - ((-17 - 13) + 22))?
-7
(-31 - -21 - (0 - (-1 + 3))) + 70 + 0
62
What is 14 - (31 + -17 + 13 + -10)?
-3
What is -6 - (14 + 3) - (11 + -39 - -24)?
-19
Calculate -9 - -6 - (45 + 21 + -49).
-20
Evaluate 756 - 734 - (102 + -1).
-79
What is 24 + -15 - (-22 + 25) - -38?
44
What is -26 + 55 + -34 - (-25 - 2)?
22
Calculate -3 + 1 - -65 - (31 + -24 + 16 - 20).
60
Calculate -279 - -261 - (93 + -9).
-102
What is the value of (64 - 59) + -2 + -18?
-15
Evaluate 141 + (-139 - -113) + -68.
47
8 + 0 + -10 + (-16 - (6 + -7))
-17
What is the value of -35 + 1 + 69 + 33 + -77?
-9
Calculate -30 + 0 - (46 + -41 - -3).
-38
Evaluate 682 + -680 + -35 + 0 - 5.
-38
What is the value of -16 - (14 + 2 + -160 + 154)?
-26
What is -161 - (-47 + -23 + 16)?
-107
Evaluate 10 + (6 + -8 - 3) + -18 + -17 - 10.
-40
What is 38 + 108 + -32 + -24?
90
(11 - (52 - (22 + 5))) + (-1 - -87)
72
(2 - 0) + (-47 - 5) + -14
-64
What is the value of -51 - (28 - (-41 - -86))?
-34
Calculate 49 + -79 + -36 - -43.
-23
What is -20 + (-1 - -14) - -18?
11
What is 14 - (68 - (-7 - (3 + -22)))?
-42
What is the value of 26 - (-9 + (-10 - 6) + (20 - 5))?
36
Calculate -32 - (34 - (32 - (-152 + 33))).
85
Evaluate -9 + (16 - (38 - 9) - -12).
-10
Calculate 2 + (79 - 74) + -61 + 2.
-52
Evaluate -34 + -1 + 1 + -1 + 118 + 32 + -153.
-38
1 + (2 - (1 + 0)) + 1169 + -1112
59
Evaluate 11 - (-9 - (-6 + 12 + 0)).
26
Calculate -3 + (5 - 12 - -12 - -45).
47
-5 - ((8 - -1) + 29 + -33 + (4 - -5))
-19
What is 460 - (211 + 234) - (-16 - (-2 - -1))?
30
9 + 96 + -4 + -25 + -1
75
63 + 6 + (514 - 619)
-36
What is the value of 0 + 2 - -54 - (-559 + 593)?
22
Calculate 1868 - 1851 - 